{"id":857,"date":"2019-08-28T17:09:59","date_gmt":"2019-08-28T16:09:59","guid":{"rendered":"http:\/\/ossskranjcevic.edu.ba\/?page_id=857"},"modified":"2019-09-16T09:45:18","modified_gmt":"2019-09-16T08:45:18","slug":"prijem-prvacica","status":"publish","type":"page","link":"http:\/\/ossskranjcevic.edu.ba\/?page_id=857","title":{"rendered":"NA\u0160I PRVA\u010cI\u0106I"},"content":{"rendered":"\n<p>Prijem prva\u010di\u0107a u na\u0161oj \u0161koli odr\u017ean je u ponedjeljak, 2.9.2019.godine u 14:00 sati u sali za Tjelesni i zdravstveni odgoj. Prijemu su prisustvovali roditelji, u\u010diteljica, pedagog, direktorica na\u0161e \u0161kole, kao i Op\u0107inski na\u010delnik  prof. dr. Ned\u017ead Ajnad\u017ei\u0107 koji je na\u0161im prva\u010di\u0107ima uru\u010dio ruksake sa knjigama i priborom.<\/p>\n\n\n\n<ul class=\"wp-block-gallery columns-3 is-cropped wp-block-gallery-1 is-layout-flex wp-block-gallery-is-layout-flex\"><li class=\"blocks-gallery-item\"><figure><img loading=\"lazy\" decoding=\"async\" width=\"1024\" height=\"768\" src=\"http:\/\/ossskranjcevic.edu.ba\/wp-content\/uploads\/2019\/09\/PRVACICI-1-1024x768.jpg\" alt=\"\" data-id=\"883\" data-link=\"http:\/\/ossskranjcevic.edu.ba\/?attachment_id=883\" class=\"wp-image-883\" srcset=\"http:\/\/ossskranjcevic.edu.ba\/wp-content\/uploads\/2019\/09\/PRVACICI-1-1024x768.jpg 1024w, http:\/\/ossskranjcevic.edu.ba\/wp-content\/uploads\/2019\/09\/PRVACICI-1-300x225.jpg 300w, http:\/\/ossskranjcevic.edu.ba\/wp-content\/uploads\/2019\/09\/PRVACICI-1-768x576.jpg 768w, http:\/\/ossskranjcevic.edu.ba\/wp-content\/uploads\/2019\/09\/PRVACICI-1.jpg 1280w\" sizes=\"auto, (max-width: 1024px) 100vw, 1024px\" \/><\/figure><\/li><li class=\"blocks-gallery-item\"><figure><img loading=\"lazy\" decoding=\"async\" width=\"1024\" height=\"768\" src=\"http:\/\/ossskranjcevic.edu.ba\/wp-content\/uploads\/2019\/09\/PRVACICI-2-1024x768.jpg\" alt=\"\" data-id=\"884\" data-link=\"http:\/\/ossskranjcevic.edu.ba\/?attachment_id=884\" class=\"wp-image-884\" srcset=\"http:\/\/ossskranjcevic.edu.ba\/wp-content\/uploads\/2019\/09\/PRVACICI-2-1024x768.jpg 1024w, http:\/\/ossskranjcevic.edu.ba\/wp-content\/uploads\/2019\/09\/PRVACICI-2-300x225.jpg 300w, http:\/\/ossskranjcevic.edu.ba\/wp-content\/uploads\/2019\/09\/PRVACICI-2-768x576.jpg 768w, http:\/\/ossskranjcevic.edu.ba\/wp-content\/uploads\/2019\/09\/PRVACICI-2.jpg 1280w\" sizes=\"auto, (max-width: 1024px) 100vw, 1024px\" \/><\/figure><\/li><li class=\"blocks-gallery-item\"><figure><img loading=\"lazy\" decoding=\"async\" width=\"1024\" height=\"768\" src=\"http:\/\/ossskranjcevic.edu.ba\/wp-content\/uploads\/2019\/09\/PRVACICI-3-1024x768.jpg\" alt=\"\" data-id=\"885\" data-link=\"http:\/\/ossskranjcevic.edu.ba\/?attachment_id=885\" class=\"wp-image-885\" srcset=\"http:\/\/ossskranjcevic.edu.ba\/wp-content\/uploads\/2019\/09\/PRVACICI-3-1024x768.jpg 1024w, http:\/\/ossskranjcevic.edu.ba\/wp-content\/uploads\/2019\/09\/PRVACICI-3-300x225.jpg 300w, http:\/\/ossskranjcevic.edu.ba\/wp-content\/uploads\/2019\/09\/PRVACICI-3-768x576.jpg 768w, http:\/\/ossskranjcevic.edu.ba\/wp-content\/uploads\/2019\/09\/PRVACICI-3.jpg 1280w\" sizes=\"auto, (max-width: 1024px) 100vw, 1024px\" \/><\/figure><\/li><li class=\"blocks-gallery-item\"><figure><img loading=\"lazy\" decoding=\"async\" width=\"1024\" height=\"768\" src=\"http:\/\/ossskranjcevic.edu.ba\/wp-content\/uploads\/2019\/09\/PRVACICI-4-1024x768.jpg\" alt=\"\" data-id=\"886\" data-link=\"http:\/\/ossskranjcevic.edu.ba\/?attachment_id=886\" class=\"wp-image-886\" srcset=\"http:\/\/ossskranjcevic.edu.ba\/wp-content\/uploads\/2019\/09\/PRVACICI-4-1024x768.jpg 1024w, http:\/\/ossskranjcevic.edu.ba\/wp-content\/uploads\/2019\/09\/PRVACICI-4-300x225.jpg 300w, http:\/\/ossskranjcevic.edu.ba\/wp-content\/uploads\/2019\/09\/PRVACICI-4-768x576.jpg 768w, http:\/\/ossskranjcevic.edu.ba\/wp-content\/uploads\/2019\/09\/PRVACICI-4.jpg 1280w\" sizes=\"auto, (max-width: 1024px) 100vw, 1024px\" \/><\/figure><\/li><\/ul>\n","protected":false},"excerpt":{"rendered":"<p>Prijem prva\u010di\u0107a u na\u0161oj \u0161koli odr\u017ean je u ponedjeljak, 2.9.2019.godine u 14:00 sati u sali za Tjelesni i zdravstveni odgoj. Prijemu su prisustvovali roditelji, u\u010diteljica, pedagog, direktorica na\u0161e \u0161kole, kao i Op\u0107inski na\u010delnik prof. dr. Ned\u017ead Ajnad\u017ei\u0107 koji je na\u0161im &hellip; <\/p>\n","protected":false},"author":2,"featured_media":0,"parent":0,"menu_order":0,"comment_status":"closed","ping_status":"closed","template":"","meta":{"footnotes":""},"class_list":["post-857","page","type-page","status-publish","hentry"],"_links":{"self":[{"href":"http:\/\/ossskranjcevic.edu.ba\/index.php?rest_route=\/wp\/v2\/pages\/857","targetHints":{"allow":["GET"]}}],"collection":[{"href":"http:\/\/ossskranjcevic.edu.ba\/index.php?rest_route=\/wp\/v2\/pages"}],"about":[{"href":"http:\/\/ossskranjcevic.edu.ba\/index.php?rest_route=\/wp\/v2\/types\/page"}],"author":[{"embeddable":true,"href":"http:\/\/ossskranjcevic.edu.ba\/index.php?rest_route=\/wp\/v2\/users\/2"}],"replies":[{"embeddable":true,"href":"http:\/\/ossskranjcevic.edu.ba\/index.php?rest_route=%2Fwp%2Fv2%2Fcomments&post=857"}],"version-history":[{"count":3,"href":"http:\/\/ossskranjcevic.edu.ba\/index.php?rest_route=\/wp\/v2\/pages\/857\/revisions"}],"predecessor-version":[{"id":888,"href":"http:\/\/ossskranjcevic.edu.ba\/index.php?rest_route=\/wp\/v2\/pages\/857\/revisions\/888"}],"wp:attachment":[{"href":"http:\/\/ossskranjcevic.edu.ba\/index.php?rest_route=%2Fwp%2Fv2%2Fmedia&parent=857"}],"curies":[{"name":"wp","href":"https:\/\/api.w.org\/{rel}","templated":true}]}}